{"id":817,"date":"2024-10-14T14:21:12","date_gmt":"2024-10-14T14:21:12","guid":{"rendered":"http:\/\/izvak.org\/?page_id=817"},"modified":"2024-10-14T15:18:33","modified_gmt":"2024-10-14T15:18:33","slug":"hakan-duzdemir","status":"publish","type":"page","link":"http:\/\/izvak.org\/index.php\/hakan-duzdemir\/","title":{"rendered":"Hakan D\u00fczdemir"},"content":{"rendered":"\n<p>Do\u011fum tarihi : 1968. Do\u011fum yeri : \u0130zmir. \u00d6\u011frenim : Manisa Gazi \u0130lkokulu &#8211; Bornova Anadolu Lisesi &#8211; D.E.\u00dc. \u0130.\u0130.B.F \u0130\u015fletme B\u00f6l\u00fcm\u00fc (halen) &#8211; Anadolu \u00dcniversitesi A.\u00d6.F Tarih B\u00f6l\u00fcm\u00fc (halen). \u0130\u015f : \u015eampiyon Lastik Jant Market (\u015firket orta\u011f\u0131). &#8211; Promar D\u0131\u015f Ticaret \u015firket orta\u011f\u0131 (i\u015ftigal : mermer ihracat\u0131, l\u00e2minat parke ithalat\u0131) &#8211; T.N.T \u0130nternational Expres Ayd\u0131n Acentesi \u015firket orta\u011f\u0131. (i\u015ftigal : uluslararas\u0131 hava ta\u015f\u0131mac\u0131l\u0131\u011f\u0131). Spor y\u00f6neticili\u011fi : K.S.K Voleybol \u015fube y\u00f6neticili\u011fi &#8211; K.S.K Futbol altyap\u0131 \u015fube y\u00f6neticili\u011fi &#8211; K.S.K Ana y\u00f6netim kurulu \u00fcyeli\u011fi ve medya sorumlulu\u011fu (iki d\u00f6nem) &#8211; T.F.F Genel Kurul delegeli\u011fi ve T.F.F Profesyonel Futbol Kurulu \u00fcyeli\u011fi.<\/p>\n","protected":false},"excerpt":{"rendered":"<p>Do\u011fum tarihi : 1968. Do\u011fum yeri : \u0130zmir. \u00d6\u011frenim : Manisa Gazi \u0130lkokulu &#8211; Bornova Anadolu Lisesi &#8211; D.E.\u00dc. \u0130.\u0130.B.F \u0130\u015fletme B\u00f6l\u00fcm\u00fc (halen) &#8211; Anadolu \u00dcniversitesi A.\u00d6.F Tarih B\u00f6l\u00fcm\u00fc (halen). \u0130\u015f : \u015eampiyon Lastik Jant Market (\u015firket orta\u011f\u0131). &#8211; Promar D\u0131\u015f Ticaret \u015firket orta\u011f\u0131 (i\u015ftigal : mermer ihracat\u0131, l\u00e2minat parke ithalat\u0131) &#8211; T.N.T \u0130nternational Expres [&hellip;]<\/p>\n","protected":false},"author":1,"featured_media":0,"parent":0,"menu_order":0,"comment_status":"closed","ping_status":"closed","template":"","meta":{"_uag_custom_page_level_css":"","footnotes":""},"class_list":["post-817","page","type-page","status-publish","hentry"],"uagb_featured_image_src":{"full":false,"thumbnail":false,"medium":false,"medium_large":false,"large":false,"1536x1536":false,"2048x2048":false},"uagb_author_info":{"display_name":"izvak","author_link":"http:\/\/izvak.org\/index.php\/author\/izvakorg\/"},"uagb_comment_info":0,"uagb_excerpt":"Do\u011fum tarihi : 1968. Do\u011fum yeri : \u0130zmir. \u00d6\u011frenim : Manisa Gazi \u0130lkokulu &#8211; Bornova Anadolu Lisesi &#8211; D.E.\u00dc. \u0130.\u0130.B.F \u0130\u015fletme B\u00f6l\u00fcm\u00fc (halen) &#8211; Anadolu \u00dcniversitesi A.\u00d6.F Tarih B\u00f6l\u00fcm\u00fc (halen). \u0130\u015f : \u015eampiyon Lastik Jant Market (\u015firket orta\u011f\u0131). &#8211; Promar D\u0131\u015f Ticaret \u015firket orta\u011f\u0131 (i\u015ftigal : mermer ihracat\u0131, l\u00e2minat parke ithalat\u0131) &#8211; T.N.T \u0130nternational Expres&hellip;","_links":{"self":[{"href":"http:\/\/izvak.org\/index.php\/wp-json\/wp\/v2\/pages\/817","targetHints":{"allow":["GET"]}}],"collection":[{"href":"http:\/\/izvak.org\/index.php\/wp-json\/wp\/v2\/pages"}],"about":[{"href":"http:\/\/izvak.org\/index.php\/wp-json\/wp\/v2\/types\/page"}],"author":[{"embeddable":true,"href":"http:\/\/izvak.org\/index.php\/wp-json\/wp\/v2\/users\/1"}],"replies":[{"embeddable":true,"href":"http:\/\/izvak.org\/index.php\/wp-json\/wp\/v2\/comments?post=817"}],"version-history":[{"count":2,"href":"http:\/\/izvak.org\/index.php\/wp-json\/wp\/v2\/pages\/817\/revisions"}],"predecessor-version":[{"id":823,"href":"http:\/\/izvak.org\/index.php\/wp-json\/wp\/v2\/pages\/817\/revisions\/823"}],"wp:attachment":[{"href":"http:\/\/izvak.org\/index.php\/wp-json\/wp\/v2\/media?parent=817"}],"curies":[{"name":"wp","href":"https:\/\/api.w.org\/{rel}","templated":true}]}}