{"id":1024,"date":"2024-11-15T12:30:40","date_gmt":"2024-11-15T12:30:40","guid":{"rendered":"https:\/\/izvak.org\/?page_id=1024"},"modified":"2026-03-07T18:05:54","modified_gmt":"2026-03-07T18:05:54","slug":"yonetim-kurulundan","status":"publish","type":"page","link":"https:\/\/izvak.org\/index.php\/yonetim-kurulundan\/","title":{"rendered":"Y\u00d6NET\u0130M KURULUNDAN"},"content":{"rendered":"\n<ul class=\"wp-block-list\">\n<li><a href=\"https:\/\/izvak.org\/index.php\/yonetim-kurulundan-izto-muracaati\/\" data-type=\"page\" data-id=\"2082\">\u0130ZM\u0130R T\u0130CARET ODASI\u2019NA \u201cSPOR MESLEK GURUBU\u201d BA\u015eVURUSU&#8230; 06.03.2026<\/a><br><\/li>\n\n\n\n<li><a href=\"https:\/\/izvak.org\/index.php\/yonetim-kurulundan-adalet-ve-saygi-icin-temiz-oyunun-yanindayiz\/\" data-type=\"page\" data-id=\"1980\">ADALET VE SAYGI \u0130\u00c7\u0130N, TEM\u0130Z OYUNUN YANINDAYIZ\u2026 01.11.2025<\/a><\/li>\n<\/ul>\n\n\n\n<ul class=\"wp-block-list\">\n<li><a href=\"https:\/\/izvak.org\/index.php\/futbolda-oyun-kalitesinin-arttirilmasi\/\" data-type=\"page\" data-id=\"1994\">FUTBOLDA OYUN KAL\u0130TES\u0130N\u0130N ARTTIRILMASI&#8230; &#8211; AKTU\u011e S\u00d6NMEZ 15.10.2025<\/a><\/li>\n<\/ul>\n\n\n\n<ul class=\"wp-block-list\">\n<li><a href=\"https:\/\/izvak.org\/index.php\/yonetim-kurulundan-kent-turizminin-gelistirilmesinde-spor-ve-kuluplerimiz\/\" data-type=\"page\" data-id=\"1947\">KENT TUR\u0130ZM\u0130N\u0130N GEL\u0130\u015eT\u0130R\u0130LMES\u0130NDE SPOR VE KUL\u00dcPLER\u0130M\u0130Z&#8230; 07.08.2025<\/a><\/li>\n<\/ul>\n\n\n\n<ul class=\"wp-block-list\">\n<li><a href=\"https:\/\/izvak.org\/index.php\/yonetim-kurulundan-onur-yilinda-goztepenin-kurulus-hikayesi\/\" data-type=\"page\" data-id=\"1771\">100. ONUR YILINDA G\u00d6ZTEPE\u2019N\u0130N KURULU\u015e H\u0130KAYES\u0130\u2026 \u2013 S\u0130NAN GEN\u00c7 17.02.2025<\/a><\/li>\n<\/ul>\n\n\n\n<ul class=\"wp-block-list\">\n<li><a href=\"https:\/\/izvak.org\/index.php\/yonetim-kurulundan-bataklikta-acan-gul-hasan-ercazip\/\" data-type=\"page\" data-id=\"1526\">BATAKLIKTA A\u00c7AN G\u00dcL\u2026 &#8211; HASAN ERCAZ\u0130P 30.01.2025<\/a><\/li>\n<\/ul>\n\n\n\n<ul class=\"wp-block-list\">\n<li><a href=\"https:\/\/izvak.org\/index.php\/yonetim-kurulundan-serefli-koca-bir-ulkunun-misralariyla-baslar-altay-marsi\/\">ALTAY SPOR KUL\u00dcB\u00dc&#8217;M\u00dcZ 111 YA\u015eINDA&#8230; &#8211; <\/a><a href=\"https:\/\/izvak.org\/index.php\/yonetim-kurulundan-serefli-koca-bir-ulkunun-misralariyla-baslar-altay-marsi\/\">BEDR\u0130 CUMHUR DO\u011eU<\/a><a href=\"https:\/\/izvak.org\/index.php\/yonetim-kurulundan-serefli-koca-bir-ulkunun-misralariyla-baslar-altay-marsi\/\">: \u201c\u015eEREFL\u0130 KOCA B\u0130R \u00dcLK\u00dcN\u00dcN\u201d MISRALARIYLA BA\u015eLAR ALTAY MAR\u015eI&#8230;16.01.2025<\/a><\/li>\n<\/ul>\n\n\n\n<ul class=\"wp-block-list\">\n<li><a href=\"https:\/\/izvak.org\/index.php\/yonetim-kurulundan-izmirli-baskanin-hatirlattigi-suavi-yardimoglu\/\" data-type=\"page\" data-id=\"1540\">\u0130ZM\u0130RL\u0130 BA\u015eKANIN HATIRLATTI\u011eI\u2026- SUAV\u0130 YARDIMO\u011eLU 17.06.2024<\/a><\/li>\n<\/ul>\n\n\n\n<p><\/p>\n","protected":false},"excerpt":{"rendered":"","protected":false},"author":1,"featured_media":0,"parent":0,"menu_order":0,"comment_status":"closed","ping_status":"closed","template":"","meta":{"_uag_custom_page_level_css":"","footnotes":""},"class_list":["post-1024","page","type-page","status-publish","hentry"],"uagb_featured_image_src":{"full":false,"thumbnail":false,"medium":false,"medium_large":false,"large":false,"1536x1536":false,"2048x2048":false},"uagb_author_info":{"display_name":"izvak","author_link":"https:\/\/izvak.org\/index.php\/author\/izvakorg\/"},"uagb_comment_info":0,"uagb_excerpt":null,"_links":{"self":[{"href":"https:\/\/izvak.org\/index.php\/wp-json\/wp\/v2\/pages\/1024","targetHints":{"allow":["GET"]}}],"collection":[{"href":"https:\/\/izvak.org\/index.php\/wp-json\/wp\/v2\/pages"}],"about":[{"href":"https:\/\/izvak.org\/index.php\/wp-json\/wp\/v2\/types\/page"}],"author":[{"embeddable":true,"href":"https:\/\/izvak.org\/index.php\/wp-json\/wp\/v2\/users\/1"}],"replies":[{"embeddable":true,"href":"https:\/\/izvak.org\/index.php\/wp-json\/wp\/v2\/comments?post=1024"}],"version-history":[{"count":23,"href":"https:\/\/izvak.org\/index.php\/wp-json\/wp\/v2\/pages\/1024\/revisions"}],"predecessor-version":[{"id":2091,"href":"https:\/\/izvak.org\/index.php\/wp-json\/wp\/v2\/pages\/1024\/revisions\/2091"}],"wp:attachment":[{"href":"https:\/\/izvak.org\/index.php\/wp-json\/wp\/v2\/media?parent=1024"}],"curies":[{"name":"wp","href":"https:\/\/api.w.org\/{rel}","templated":true}]}}