{"id":1502,"date":"2025-01-15T18:53:55","date_gmt":"2025-01-15T18:53:55","guid":{"rendered":"https:\/\/izvak.org\/?page_id=1502"},"modified":"2025-01-15T20:43:26","modified_gmt":"2025-01-15T20:43:26","slug":"yonetim-kurulundan-serefli-koca-bir-ulkunun-misralariyla-baslar-altay-marsi","status":"publish","type":"page","link":"https:\/\/izvak.org\/index.php\/yonetim-kurulundan-serefli-koca-bir-ulkunun-misralariyla-baslar-altay-marsi\/","title":{"rendered":"Y\u00d6NET\u0130M KURULUNDAN &#8211; KURULU\u015eUNUN 111. YILINDA, TAR\u0130H KURULU KOORD\u0130NAT\u00d6R\u00dcM\u00dcZ BEDR\u0130 CUMHUR DO\u011eU YAZDI : \u201c\u015eEREFL\u0130 KOCA B\u0130R \u00dcLK\u00dcN\u00dcN\u201d MISRALARIYLA BA\u015eLAR ALTAY MAR\u015eI&#8230;"},"content":{"rendered":"\n<div data-wp-interactive=\"core\/file\" class=\"wp-block-file\"><object data-wp-bind--hidden=\"!state.hasPdfPreview\" hidden class=\"wp-block-file__embed\" data=\"https:\/\/izvak.org\/wp-content\/uploads\/2025\/01\/IZVAK-ALTAY.pdf\" type=\"application\/pdf\" style=\"width:100%;height:600px\" aria-label=\"Embed of Y\u00f6netim Kurulu \u00dcyemiz ve Tarih Kurulu Koordinat\u00f6r\u00fcm\u00fcz Bedri Cumhur Do\u011fu : \u201c\u015eerefli koca bir \u00fclk\u00fcn\u00fcn\u201d m\u0131sralar\u0131yla ba\u015flar Altay mar\u015f\u0131...&lt;br&gt;.\"><\/object><a id=\"wp-block-file--media-fbc4b1cf-1114-4d26-8bef-5a2c32295b08\" href=\"https:\/\/izvak.org\/wp-content\/uploads\/2025\/01\/IZVAK-ALTAY.pdf\">Y\u00f6netim Kurulu \u00dcyemiz ve Tarih Kurulu Koordinat\u00f6r\u00fcm\u00fcz Bedri Cumhur Do\u011fu : \u201c\u015eerefli koca bir \u00fclk\u00fcn\u00fcn\u201d m\u0131sralar\u0131yla ba\u015flar Altay mar\u015f\u0131&#8230;<br><\/a><a href=\"https:\/\/izvak.org\/wp-content\/uploads\/2025\/01\/IZVAK-ALTAY.pdf\" class=\"wp-block-file__button wp-element-button\" download aria-describedby=\"wp-block-file--media-fbc4b1cf-1114-4d26-8bef-5a2c32295b08\">\u0130ndir<\/a><\/div>\n\n\n\n<p><\/p>\n","protected":false},"excerpt":{"rendered":"","protected":false},"author":1,"featured_media":0,"parent":0,"menu_order":0,"comment_status":"closed","ping_status":"closed","template":"","meta":{"_uag_custom_page_level_css":"","footnotes":""},"class_list":["post-1502","page","type-page","status-publish","hentry"],"uagb_featured_image_src":{"full":false,"thumbnail":false,"medium":false,"medium_large":false,"large":false,"1536x1536":false,"2048x2048":false},"uagb_author_info":{"display_name":"izvak","author_link":"https:\/\/izvak.org\/index.php\/author\/izvakorg\/"},"uagb_comment_info":0,"uagb_excerpt":null,"_links":{"self":[{"href":"https:\/\/izvak.org\/index.php\/wp-json\/wp\/v2\/pages\/1502","targetHints":{"allow":["GET"]}}],"collection":[{"href":"https:\/\/izvak.org\/index.php\/wp-json\/wp\/v2\/pages"}],"about":[{"href":"https:\/\/izvak.org\/index.php\/wp-json\/wp\/v2\/types\/page"}],"author":[{"embeddable":true,"href":"https:\/\/izvak.org\/index.php\/wp-json\/wp\/v2\/users\/1"}],"replies":[{"embeddable":true,"href":"https:\/\/izvak.org\/index.php\/wp-json\/wp\/v2\/comments?post=1502"}],"version-history":[{"count":6,"href":"https:\/\/izvak.org\/index.php\/wp-json\/wp\/v2\/pages\/1502\/revisions"}],"predecessor-version":[{"id":1515,"href":"https:\/\/izvak.org\/index.php\/wp-json\/wp\/v2\/pages\/1502\/revisions\/1515"}],"wp:attachment":[{"href":"https:\/\/izvak.org\/index.php\/wp-json\/wp\/v2\/media?parent=1502"}],"curies":[{"name":"wp","href":"https:\/\/api.w.org\/{rel}","templated":true}]}}