{"id":1980,"date":"2025-11-03T16:08:01","date_gmt":"2025-11-03T16:08:01","guid":{"rendered":"https:\/\/izvak.org\/?page_id=1980"},"modified":"2025-11-03T16:08:01","modified_gmt":"2025-11-03T16:08:01","slug":"yonetim-kurulundan-adalet-ve-saygi-icin-temiz-oyunun-yanindayiz","status":"publish","type":"page","link":"https:\/\/izvak.org\/index.php\/yonetim-kurulundan-adalet-ve-saygi-icin-temiz-oyunun-yanindayiz\/","title":{"rendered":"Y\u00d6NET\u0130M KURULUNDAN \u2013 ADALET VE SAYGI \u0130\u00c7\u0130N, TEM\u0130Z OYUNUN YANINDAYIZ&#8230;"},"content":{"rendered":"\n<div data-wp-interactive=\"core\/file\" class=\"wp-block-file\"><object data-wp-bind--hidden=\"!state.hasPdfPreview\" hidden class=\"wp-block-file__embed\" data=\"https:\/\/izvak.org\/wp-content\/uploads\/2025\/11\/ADALET-VE-SAYGI-ICIN-TEMIZ-OYUNUN-YANINDAYIZ.pdf\" type=\"application\/pdf\" style=\"width:100%;height:600px\" aria-label=\"Embed of ADALET VE SAYGI \u0130\u00c7\u0130N, TEM\u0130Z OYUNUN YANINDAYIZ.\"><\/object><a id=\"wp-block-file--media-90b1c587-0d29-4b03-9c23-96ad000152ed\" href=\"https:\/\/izvak.org\/wp-content\/uploads\/2025\/11\/ADALET-VE-SAYGI-ICIN-TEMIZ-OYUNUN-YANINDAYIZ.pdf\">ADALET VE SAYGI \u0130\u00c7\u0130N, TEM\u0130Z OYUNUN YANINDAYIZ<\/a><a href=\"https:\/\/izvak.org\/wp-content\/uploads\/2025\/11\/ADALET-VE-SAYGI-ICIN-TEMIZ-OYUNUN-YANINDAYIZ.pdf\" class=\"wp-block-file__button wp-element-button\" download aria-describedby=\"wp-block-file--media-90b1c587-0d29-4b03-9c23-96ad000152ed\">\u0130ND\u0130R<\/a><\/div>\n","protected":false},"excerpt":{"rendered":"","protected":false},"author":1,"featured_media":0,"parent":0,"menu_order":0,"comment_status":"closed","ping_status":"closed","template":"","meta":{"_uag_custom_page_level_css":"","footnotes":""},"class_list":["post-1980","page","type-page","status-publish","hentry"],"uagb_featured_image_src":{"full":false,"thumbnail":false,"medium":false,"medium_large":false,"large":false,"1536x1536":false,"2048x2048":false},"uagb_author_info":{"display_name":"izvak","author_link":"https:\/\/izvak.org\/index.php\/author\/izvakorg\/"},"uagb_comment_info":0,"uagb_excerpt":null,"_links":{"self":[{"href":"https:\/\/izvak.org\/index.php\/wp-json\/wp\/v2\/pages\/1980","targetHints":{"allow":["GET"]}}],"collection":[{"href":"https:\/\/izvak.org\/index.php\/wp-json\/wp\/v2\/pages"}],"about":[{"href":"https:\/\/izvak.org\/index.php\/wp-json\/wp\/v2\/types\/page"}],"author":[{"embeddable":true,"href":"https:\/\/izvak.org\/index.php\/wp-json\/wp\/v2\/users\/1"}],"replies":[{"embeddable":true,"href":"https:\/\/izvak.org\/index.php\/wp-json\/wp\/v2\/comments?post=1980"}],"version-history":[{"count":1,"href":"https:\/\/izvak.org\/index.php\/wp-json\/wp\/v2\/pages\/1980\/revisions"}],"predecessor-version":[{"id":1982,"href":"https:\/\/izvak.org\/index.php\/wp-json\/wp\/v2\/pages\/1980\/revisions\/1982"}],"wp:attachment":[{"href":"https:\/\/izvak.org\/index.php\/wp-json\/wp\/v2\/media?parent=1980"}],"curies":[{"name":"wp","href":"https:\/\/api.w.org\/{rel}","templated":true}]}}