{"id":2024,"date":"2026-01-02T17:58:04","date_gmt":"2026-01-02T17:58:04","guid":{"rendered":"https:\/\/izvak.org\/?page_id=2024"},"modified":"2026-01-02T17:58:04","modified_gmt":"2026-01-02T17:58:04","slug":"turkiye-futbol-federasyonu-baskanligina-muracaat","status":"publish","type":"page","link":"https:\/\/izvak.org\/index.php\/turkiye-futbol-federasyonu-baskanligina-muracaat\/","title":{"rendered":"T\u00dcRK\u0130YE FUTBOL FEDERASYONU BA\u015eKANLI\u011eINA M\u00dcRACAAT"},"content":{"rendered":"\n<div data-wp-interactive=\"core\/file\" class=\"wp-block-file\"><object data-wp-bind--hidden=\"!state.hasPdfPreview\" hidden class=\"wp-block-file__embed\" data=\"https:\/\/izvak.org\/wp-content\/uploads\/2026\/01\/TURKIYE-FUTBOL-FEDERASYONU-BASKANLIGINA-MURACAAT.pdf\" type=\"application\/pdf\" style=\"width:100%;height:600px\" aria-label=\"Embed of T\u00dcRK\u0130YE FUTBOL FEDERASYONU BA\u015eKANLI\u011eINA M\u00dcRACAAT.\"><\/object><a id=\"wp-block-file--media-b9e8b199-bfdc-462c-9abc-f147423c9960\" href=\"https:\/\/izvak.org\/wp-content\/uploads\/2026\/01\/TURKIYE-FUTBOL-FEDERASYONU-BASKANLIGINA-MURACAAT.pdf\">T\u00dcRK\u0130YE FUTBOL FEDERASYONU BA\u015eKANLI\u011eINA M\u00dcRACAAT<\/a><a href=\"https:\/\/izvak.org\/wp-content\/uploads\/2026\/01\/TURKIYE-FUTBOL-FEDERASYONU-BASKANLIGINA-MURACAAT.pdf\" class=\"wp-block-file__button wp-element-button\" download aria-describedby=\"wp-block-file--media-b9e8b199-bfdc-462c-9abc-f147423c9960\">\u0130ndir<\/a><\/div>\n\n\n\n<p><\/p>\n","protected":false},"excerpt":{"rendered":"","protected":false},"author":1,"featured_media":0,"parent":0,"menu_order":0,"comment_status":"closed","ping_status":"closed","template":"","meta":{"_uag_custom_page_level_css":"","footnotes":""},"class_list":["post-2024","page","type-page","status-publish","hentry"],"uagb_featured_image_src":{"full":false,"thumbnail":false,"medium":false,"medium_large":false,"large":false,"1536x1536":false,"2048x2048":false},"uagb_author_info":{"display_name":"izvak","author_link":"https:\/\/izvak.org\/index.php\/author\/izvakorg\/"},"uagb_comment_info":0,"uagb_excerpt":null,"_links":{"self":[{"href":"https:\/\/izvak.org\/index.php\/wp-json\/wp\/v2\/pages\/2024","targetHints":{"allow":["GET"]}}],"collection":[{"href":"https:\/\/izvak.org\/index.php\/wp-json\/wp\/v2\/pages"}],"about":[{"href":"https:\/\/izvak.org\/index.php\/wp-json\/wp\/v2\/types\/page"}],"author":[{"embeddable":true,"href":"https:\/\/izvak.org\/index.php\/wp-json\/wp\/v2\/users\/1"}],"replies":[{"embeddable":true,"href":"https:\/\/izvak.org\/index.php\/wp-json\/wp\/v2\/comments?post=2024"}],"version-history":[{"count":1,"href":"https:\/\/izvak.org\/index.php\/wp-json\/wp\/v2\/pages\/2024\/revisions"}],"predecessor-version":[{"id":2026,"href":"https:\/\/izvak.org\/index.php\/wp-json\/wp\/v2\/pages\/2024\/revisions\/2026"}],"wp:attachment":[{"href":"https:\/\/izvak.org\/index.php\/wp-json\/wp\/v2\/media?parent=2024"}],"curies":[{"name":"wp","href":"https:\/\/api.w.org\/{rel}","templated":true}]}}