{"id":779,"date":"2024-10-14T14:14:46","date_gmt":"2024-10-14T14:14:46","guid":{"rendered":"http:\/\/izvak.org\/?page_id=779"},"modified":"2025-01-06T18:27:44","modified_gmt":"2025-01-06T18:27:44","slug":"fatih-tanfer-2","status":"publish","type":"page","link":"https:\/\/izvak.org\/index.php\/fatih-tanfer-2\/","title":{"rendered":"Fatih Tanfer"},"content":{"rendered":"\n<p>Salihli do\u011fumlu. \u0130stanbul \u0130\u015fletme mezunu.<\/p>\n\n\n\n<p>Doktoras\u0131n\u0131 Dokuz Eyl\u00fcl \u00dcniversitesi Maliye B\u00f6l\u00fcm\u00fc&#8217;nde yapt\u0131.<\/p>\n\n\n\n<p>Y\u00f6neticilik ya\u015fam\u0131na Ba\u011f-Kur ve SSK Tepecik Hastanesi&#8217;nde ba\u015flad\u0131.<\/p>\n\n\n\n<p>Petkim Holding&#8217;de 19 y\u0131l m\u00fcd\u00fcr pozisyonunda g\u00f6rev ald\u0131. TFF Temsilciler Kurulu&#8217;nda 3 y\u0131l ba\u015fkanl\u0131k olmak \u00fczere toplam 11 y\u0131l \u00fcye ve ba\u015fkan vekili, 4 y\u0131l da TFF&#8217;de amat\u00f6r kurul \u00fcyesi olarak g\u00f6rev yapt\u0131. Ayr\u0131ca 12 y\u0131l hakem g\u00f6zlemcisi, 12 y\u0131l\u0131 \u0130zmir \u0130l Hakem Kurulu \u00fcyeli\u011fi yapt\u0131. Faal Futbol Hakemleri ve G\u00f6zlemcileri Derne\u011fi&#8217;nde 6 y\u0131l genel sekreterlik gorevinde bulundu. T\u00dcFAD \u0130zmir \u015eubesi Y\u00f6netim Kurulu \u00dcyesi ve Y\u0131lmaz Tokatl\u0131 ba\u015fkanl\u0131\u011f\u0131ndaki T\u00dcFAD Genel Merkez Y\u00f6netim Kurulu \u00dcyesi olarak g\u00f6rev yapt\u0131.<\/p>\n\n\n\n<p>Halen Milliyet Gazetesi&#8217;nde k\u00f6\u015fe yazarl\u0131\u011f\u0131 yap\u0131yor. Evli ve 2 k\u0131z \u00e7ocuk babas\u0131.<\/p>\n\n\n\n<p><\/p>\n","protected":false},"excerpt":{"rendered":"<p>Salihli do\u011fumlu. \u0130stanbul \u0130\u015fletme mezunu. Doktoras\u0131n\u0131 Dokuz Eyl\u00fcl \u00dcniversitesi Maliye B\u00f6l\u00fcm\u00fc&#8217;nde yapt\u0131. Y\u00f6neticilik ya\u015fam\u0131na Ba\u011f-Kur ve SSK Tepecik Hastanesi&#8217;nde ba\u015flad\u0131. Petkim Holding&#8217;de 19 y\u0131l m\u00fcd\u00fcr pozisyonunda g\u00f6rev ald\u0131. TFF Temsilciler Kurulu&#8217;nda 3 y\u0131l ba\u015fkanl\u0131k olmak \u00fczere toplam 11 y\u0131l \u00fcye ve ba\u015fkan vekili, 4 y\u0131l da TFF&#8217;de amat\u00f6r kurul \u00fcyesi olarak g\u00f6rev yapt\u0131. Ayr\u0131ca 12 [&hellip;]<\/p>\n","protected":false},"author":1,"featured_media":0,"parent":0,"menu_order":0,"comment_status":"closed","ping_status":"closed","template":"","meta":{"_uag_custom_page_level_css":"","footnotes":""},"class_list":["post-779","page","type-page","status-publish","hentry"],"uagb_featured_image_src":{"full":false,"thumbnail":false,"medium":false,"medium_large":false,"large":false,"1536x1536":false,"2048x2048":false},"uagb_author_info":{"display_name":"izvak","author_link":"https:\/\/izvak.org\/index.php\/author\/izvakorg\/"},"uagb_comment_info":0,"uagb_excerpt":"Salihli do\u011fumlu. \u0130stanbul \u0130\u015fletme mezunu. Doktoras\u0131n\u0131 Dokuz Eyl\u00fcl \u00dcniversitesi Maliye B\u00f6l\u00fcm\u00fc&#8217;nde yapt\u0131. Y\u00f6neticilik ya\u015fam\u0131na Ba\u011f-Kur ve SSK Tepecik Hastanesi&#8217;nde ba\u015flad\u0131. Petkim Holding&#8217;de 19 y\u0131l m\u00fcd\u00fcr pozisyonunda g\u00f6rev ald\u0131. TFF Temsilciler Kurulu&#8217;nda 3 y\u0131l ba\u015fkanl\u0131k olmak \u00fczere toplam 11 y\u0131l \u00fcye ve ba\u015fkan vekili, 4 y\u0131l da TFF&#8217;de amat\u00f6r kurul \u00fcyesi olarak g\u00f6rev yapt\u0131. Ayr\u0131ca 12&hellip;","_links":{"self":[{"href":"https:\/\/izvak.org\/index.php\/wp-json\/wp\/v2\/pages\/779","targetHints":{"allow":["GET"]}}],"collection":[{"href":"https:\/\/izvak.org\/index.php\/wp-json\/wp\/v2\/pages"}],"about":[{"href":"https:\/\/izvak.org\/index.php\/wp-json\/wp\/v2\/types\/page"}],"author":[{"embeddable":true,"href":"https:\/\/izvak.org\/index.php\/wp-json\/wp\/v2\/users\/1"}],"replies":[{"embeddable":true,"href":"https:\/\/izvak.org\/index.php\/wp-json\/wp\/v2\/comments?post=779"}],"version-history":[{"count":4,"href":"https:\/\/izvak.org\/index.php\/wp-json\/wp\/v2\/pages\/779\/revisions"}],"predecessor-version":[{"id":1499,"href":"https:\/\/izvak.org\/index.php\/wp-json\/wp\/v2\/pages\/779\/revisions\/1499"}],"wp:attachment":[{"href":"https:\/\/izvak.org\/index.php\/wp-json\/wp\/v2\/media?parent=779"}],"curies":[{"name":"wp","href":"https:\/\/api.w.org\/{rel}","templated":true}]}}

<p>Salihli doğumlu. İstanbul İşletme mezunu.</p>



<p>Doktorasını Dokuz Eylül Üniversitesi Maliye Bölümü&#8217;nde yaptı.</p>



<p>Yöneticilik yaşamına Bağ-Kur ve SSK Tepecik Hastanesi&#8217;nde başladı.</p>



<p>Petkim Holding&#8217;de 19 yıl müdür pozisyonunda görev aldı. TFF Temsilciler Kurulu&#8217;nda 3 yıl başkanlık olmak üzere toplam 11 yıl üye ve başkan vekili, 4 yıl da TFF&#8217;de amatör kurul üyesi olarak görev yaptı. Ayrıca 12 yıl hakem gözlemcisi, 12 yılı İzmir İl Hakem Kurulu üyeliği yaptı. Faal Futbol Hakemleri ve Gözlemcileri Derneği&#8217;nde 6 yıl genel sekreterlik gorevinde bulundu. TÜFAD İzmir Şubesi Yönetim Kurulu Üyesi ve Yılmaz Tokatlı başkanlığındaki TÜFAD Genel Merkez Yönetim Kurulu Üyesi olarak görev yaptı.</p>



<p>Halen Milliyet Gazetesi&#8217;nde köşe yazarlığı yapıyor. Evli ve 2 kız çocuk babası.</p>



<p></p>

<p>Salihli doğumlu. İstanbul İşletme mezunu. Doktorasını Dokuz Eylül Üniversitesi Maliye Bölümü&#8217;nde yaptı. Yöneticilik yaşamına Bağ-Kur ve SSK Tepecik Hastanesi&#8217;nde başladı. Petkim Holding&#8217;de 19 yıl müdür pozisyonunda görev aldı. TFF Temsilciler Kurulu&#8217;nda 3 yıl başkanlık olmak üzere toplam 11 yıl üye ve başkan vekili, 4 yıl da TFF&#8217;de amatör kurul üyesi olarak görev yaptı. Ayrıca 12 [&hellip;]</p>

Salihli doğumlu. İstanbul İşletme mezunu. Doktorasını Dokuz Eylül Üniversitesi Maliye Bölümü&#8217;nde yaptı. Yöneticilik yaşamına Bağ-Kur ve SSK Tepecik Hastanesi&#8217;nde başladı. Petkim Holding&#8217;de 19 yıl müdür pozisyonunda görev aldı. TFF Temsilciler Kurulu&#8217;nda 3 yıl başkanlık olmak üzere toplam 11 yıl üye ve başkan vekili, 4 yıl da TFF&#8217;de amatör kurul üyesi olarak görev yaptı. Ayrıca 12&hellip;
