{"id":785,"date":"2024-10-14T14:16:15","date_gmt":"2024-10-14T14:16:15","guid":{"rendered":"http:\/\/izvak.org\/?page_id=785"},"modified":"2025-02-03T19:01:08","modified_gmt":"2025-02-03T19:01:08","slug":"turhan-gursel-urhan-2","status":"publish","type":"page","link":"https:\/\/izvak.org\/index.php\/turhan-gursel-urhan-2\/","title":{"rendered":"Turhan G\u00fcrsel Urhan"},"content":{"rendered":"\n<p>1962 \u0130zmir Kar\u015f\u0131yaka do\u011fumludur.<br>\u0130lk, orta, lise \u00f6\u011frenimini Kar\u015f\u0131yaka\u2019da tamamlad\u0131 .Y\u00fcksek \u00f6\u011frenimini Ankara<br>\u00dcniversitesi Siyasal Bilgiler Fak\u00fcltesinde yapt\u0131.<br>S\u0131ras\u0131yla Maliye M\u00fcfetti\u015fli\u011fi, Maliye Ba\u015f M\u00fcfetti\u015fli\u011fi, \u0130zmir Defterdar Yard\u0131mc\u0131l\u0131\u011f\u0131, Milli<br>Emlak Dairesi Ba\u015fkanl\u0131\u011f\u0131 g\u00f6revlerinde bulundu.<br>1991-1992 y\u0131llar\u0131nda Londra\u2019da Maliye Bakanl\u0131\u011f\u0131 ad\u0131na vazife yapt\u0131.<br>Halen Yeminli Mali M\u00fc\u015favirlik yapmaktad\u0131r.<\/p>\n","protected":false},"excerpt":{"rendered":"<p>1962 \u0130zmir Kar\u015f\u0131yaka do\u011fumludur.\u0130lk, orta, lise \u00f6\u011frenimini Kar\u015f\u0131yaka\u2019da tamamlad\u0131 .Y\u00fcksek \u00f6\u011frenimini Ankara\u00dcniversitesi Siyasal Bilgiler Fak\u00fcltesinde yapt\u0131.S\u0131ras\u0131yla Maliye M\u00fcfetti\u015fli\u011fi, Maliye Ba\u015f M\u00fcfetti\u015fli\u011fi, \u0130zmir Defterdar Yard\u0131mc\u0131l\u0131\u011f\u0131, MilliEmlak Dairesi Ba\u015fkanl\u0131\u011f\u0131 g\u00f6revlerinde bulundu.1991-1992 y\u0131llar\u0131nda Londra\u2019da Maliye Bakanl\u0131\u011f\u0131 ad\u0131na vazife yapt\u0131.Halen Yeminli Mali M\u00fc\u015favirlik yapmaktad\u0131r.<\/p>\n","protected":false},"author":1,"featured_media":0,"parent":0,"menu_order":0,"comment_status":"closed","ping_status":"closed","template":"","meta":{"_uag_custom_page_level_css":"","footnotes":""},"class_list":["post-785","page","type-page","status-publish","hentry"],"uagb_featured_image_src":{"full":false,"thumbnail":false,"medium":false,"medium_large":false,"large":false,"1536x1536":false,"2048x2048":false},"uagb_author_info":{"display_name":"izvak","author_link":"https:\/\/izvak.org\/index.php\/author\/izvakorg\/"},"uagb_comment_info":0,"uagb_excerpt":"1962 \u0130zmir Kar\u015f\u0131yaka do\u011fumludur.\u0130lk, orta, lise \u00f6\u011frenimini Kar\u015f\u0131yaka\u2019da tamamlad\u0131 .Y\u00fcksek \u00f6\u011frenimini Ankara\u00dcniversitesi Siyasal Bilgiler Fak\u00fcltesinde yapt\u0131.S\u0131ras\u0131yla Maliye M\u00fcfetti\u015fli\u011fi, Maliye Ba\u015f M\u00fcfetti\u015fli\u011fi, \u0130zmir Defterdar Yard\u0131mc\u0131l\u0131\u011f\u0131, MilliEmlak Dairesi Ba\u015fkanl\u0131\u011f\u0131 g\u00f6revlerinde bulundu.1991-1992 y\u0131llar\u0131nda Londra\u2019da Maliye Bakanl\u0131\u011f\u0131 ad\u0131na vazife yapt\u0131.Halen Yeminli Mali M\u00fc\u015favirlik yapmaktad\u0131r.","_links":{"self":[{"href":"https:\/\/izvak.org\/index.php\/wp-json\/wp\/v2\/pages\/785","targetHints":{"allow":["GET"]}}],"collection":[{"href":"https:\/\/izvak.org\/index.php\/wp-json\/wp\/v2\/pages"}],"about":[{"href":"https:\/\/izvak.org\/index.php\/wp-json\/wp\/v2\/types\/page"}],"author":[{"embeddable":true,"href":"https:\/\/izvak.org\/index.php\/wp-json\/wp\/v2\/users\/1"}],"replies":[{"embeddable":true,"href":"https:\/\/izvak.org\/index.php\/wp-json\/wp\/v2\/comments?post=785"}],"version-history":[{"count":2,"href":"https:\/\/izvak.org\/index.php\/wp-json\/wp\/v2\/pages\/785\/revisions"}],"predecessor-version":[{"id":1547,"href":"https:\/\/izvak.org\/index.php\/wp-json\/wp\/v2\/pages\/785\/revisions\/1547"}],"wp:attachment":[{"href":"https:\/\/izvak.org\/index.php\/wp-json\/wp\/v2\/media?parent=785"}],"curies":[{"name":"wp","href":"https:\/\/api.w.org\/{rel}","templated":true}]}}

Turhan Gürsel Urhan

<p>1962 İzmir Karşıyaka doğumludur.<br>İlk, orta, lise öğrenimini Karşıyaka’da tamamladı .Yüksek öğrenimini Ankara<br>Üniversitesi Siyasal Bilgiler Fakültesinde yaptı.<br>Sırasıyla Maliye Müfettişliği, Maliye Baş Müfettişliği, İzmir Defterdar Yardımcılığı, Milli<br>Emlak Dairesi Başkanlığı görevlerinde bulundu.<br>1991-1992 yıllarında Londra’da Maliye Bakanlığı adına vazife yaptı.<br>Halen Yeminli Mali Müşavirlik yapmaktadır.</p>

<p>1962 İzmir Karşıyaka doğumludur.İlk, orta, lise öğrenimini Karşıyaka’da tamamladı .Yüksek öğrenimini AnkaraÜniversitesi Siyasal Bilgiler Fakültesinde yaptı.Sırasıyla Maliye Müfettişliği, Maliye Baş Müfettişliği, İzmir Defterdar Yardımcılığı, MilliEmlak Dairesi Başkanlığı görevlerinde bulundu.1991-1992 yıllarında Londra’da Maliye Bakanlığı adına vazife yaptı.Halen Yeminli Mali Müşavirlik yapmaktadır.</p>

1962 İzmir Karşıyaka doğumludur.İlk, orta, lise öğrenimini Karşıyaka’da tamamladı .Yüksek öğrenimini AnkaraÜniversitesi Siyasal Bilgiler Fakültesinde yaptı.Sırasıyla Maliye Müfettişliği, Maliye Baş Müfettişliği, İzmir Defterdar Yardımcılığı, MilliEmlak Dairesi Başkanlığı görevlerinde bulundu.1991-1992 yıllarında Londra’da Maliye Bakanlığı adına vazife yaptı.Halen Yeminli Mali Müşavirlik yapmaktadır.
