{"id":795,"date":"2024-10-14T14:17:52","date_gmt":"2024-10-14T14:17:52","guid":{"rendered":"http:\/\/izvak.org\/?page_id=795"},"modified":"2025-01-03T12:19:44","modified_gmt":"2025-01-03T12:19:44","slug":"hasan-ercazip","status":"publish","type":"page","link":"https:\/\/izvak.org\/index.php\/hasan-ercazip\/","title":{"rendered":"Hasan Ercazip"},"content":{"rendered":"\n<p>1979 y\u0131l\u0131nda Salihli\u2019de do\u011fdu. Ege \u00dcniversitesi \u0130leti\u015fim Fak\u00fcltesi Gazetecilik B\u00f6l\u00fcm\u00fc\u2019n\u00fc bitirdi. Gazetecili\u011fe ilk ad\u0131m\u0131 Yeni As\u0131r Gazetesi\u2019nde att\u0131. Sabah, Haber Ekspres, Yenig\u00fcn, Fotospor, Terc\u00fcman, Fotogol, S\u00f6zc\u00fc, Habert\u00fcrk gibi kurumlarda \u00e7al\u0131\u015ft\u0131. Muhabirlik, edit\u00f6rl\u00fck, yaz\u0131 i\u015fleri m\u00fcd\u00fcrl\u00fc\u011f\u00fc, genel yay\u0131n y\u00f6netmen yard\u0131mc\u0131l\u0131\u011f\u0131 gibi g\u00f6revleri \u00fcstlendi. Halen uluslararas\u0131 do\u011fal ta\u015f dergisi Marble Trend\u2019in yay\u0131n y\u00f6netmenli\u011fini yapmakta. Evli ve bir erkek \u00e7ocuk babas\u0131.<\/p>\n","protected":false},"excerpt":{"rendered":"<p>1979 y\u0131l\u0131nda Salihli\u2019de do\u011fdu. Ege \u00dcniversitesi \u0130leti\u015fim Fak\u00fcltesi Gazetecilik B\u00f6l\u00fcm\u00fc\u2019n\u00fc bitirdi. Gazetecili\u011fe ilk ad\u0131m\u0131 Yeni As\u0131r Gazetesi\u2019nde att\u0131. Sabah, Haber Ekspres, Yenig\u00fcn, Fotospor, Terc\u00fcman, Fotogol, S\u00f6zc\u00fc, Habert\u00fcrk gibi kurumlarda \u00e7al\u0131\u015ft\u0131. Muhabirlik, edit\u00f6rl\u00fck, yaz\u0131 i\u015fleri m\u00fcd\u00fcrl\u00fc\u011f\u00fc, genel yay\u0131n y\u00f6netmen yard\u0131mc\u0131l\u0131\u011f\u0131 gibi g\u00f6revleri \u00fcstlendi. Halen uluslararas\u0131 do\u011fal ta\u015f dergisi Marble Trend\u2019in yay\u0131n y\u00f6netmenli\u011fini yapmakta. Evli ve bir [&hellip;]<\/p>\n","protected":false},"author":1,"featured_media":0,"parent":0,"menu_order":0,"comment_status":"closed","ping_status":"closed","template":"","meta":{"_uag_custom_page_level_css":"","footnotes":""},"class_list":["post-795","page","type-page","status-publish","hentry"],"uagb_featured_image_src":{"full":false,"thumbnail":false,"medium":false,"medium_large":false,"large":false,"1536x1536":false,"2048x2048":false},"uagb_author_info":{"display_name":"izvak","author_link":"https:\/\/izvak.org\/index.php\/author\/izvakorg\/"},"uagb_comment_info":0,"uagb_excerpt":"1979 y\u0131l\u0131nda Salihli\u2019de do\u011fdu. Ege \u00dcniversitesi \u0130leti\u015fim Fak\u00fcltesi Gazetecilik B\u00f6l\u00fcm\u00fc\u2019n\u00fc bitirdi. Gazetecili\u011fe ilk ad\u0131m\u0131 Yeni As\u0131r Gazetesi\u2019nde att\u0131. Sabah, Haber Ekspres, Yenig\u00fcn, Fotospor, Terc\u00fcman, Fotogol, S\u00f6zc\u00fc, Habert\u00fcrk gibi kurumlarda \u00e7al\u0131\u015ft\u0131. Muhabirlik, edit\u00f6rl\u00fck, yaz\u0131 i\u015fleri m\u00fcd\u00fcrl\u00fc\u011f\u00fc, genel yay\u0131n y\u00f6netmen yard\u0131mc\u0131l\u0131\u011f\u0131 gibi g\u00f6revleri \u00fcstlendi. Halen uluslararas\u0131 do\u011fal ta\u015f dergisi Marble Trend\u2019in yay\u0131n y\u00f6netmenli\u011fini yapmakta. Evli ve bir&hellip;","_links":{"self":[{"href":"https:\/\/izvak.org\/index.php\/wp-json\/wp\/v2\/pages\/795","targetHints":{"allow":["GET"]}}],"collection":[{"href":"https:\/\/izvak.org\/index.php\/wp-json\/wp\/v2\/pages"}],"about":[{"href":"https:\/\/izvak.org\/index.php\/wp-json\/wp\/v2\/types\/page"}],"author":[{"embeddable":true,"href":"https:\/\/izvak.org\/index.php\/wp-json\/wp\/v2\/users\/1"}],"replies":[{"embeddable":true,"href":"https:\/\/izvak.org\/index.php\/wp-json\/wp\/v2\/comments?post=795"}],"version-history":[{"count":2,"href":"https:\/\/izvak.org\/index.php\/wp-json\/wp\/v2\/pages\/795\/revisions"}],"predecessor-version":[{"id":1485,"href":"https:\/\/izvak.org\/index.php\/wp-json\/wp\/v2\/pages\/795\/revisions\/1485"}],"wp:attachment":[{"href":"https:\/\/izvak.org\/index.php\/wp-json\/wp\/v2\/media?parent=795"}],"curies":[{"name":"wp","href":"https:\/\/api.w.org\/{rel}","templated":true}]}}