{"id":811,"date":"2024-10-14T14:20:18","date_gmt":"2024-10-14T14:20:18","guid":{"rendered":"http:\/\/izvak.org\/?page_id=811"},"modified":"2024-10-14T15:45:07","modified_gmt":"2024-10-14T15:45:07","slug":"furkan-eren-uzyildirim-2","status":"publish","type":"page","link":"https:\/\/izvak.org\/index.php\/furkan-eren-uzyildirim-2\/","title":{"rendered":"Furkan Eren Uzy\u0131ld\u0131r\u0131m"},"content":{"rendered":"\n<p>1991 \u0130zmir do\u011fumlu. Lisans, y\u00fcksek lisans ve doktora derecelerini \u0130zmir Y\u00fcksek Teknoloji Enstit\u00fcs\u00fc Bilgisayar M\u00fchendisli\u011fi B\u00f6l\u00fcm\u00fc\u2019nden s\u0131ras\u0131yla 2014, 2016 ve 2022 y\u0131llar\u0131nda ald\u0131. Y\u00fcksek lisans ve doktora \u00e7al\u0131\u015fmalar\u0131n\u0131 yapay zek\u00e2 alan\u0131nda tamamlay\u0131p ulusal ve uluslararas\u0131 makaleler yay\u0131nlad\u0131. Y\u00fcksek lisans ve doktora e\u011fitimleri s\u0131ras\u0131nda ara\u015ft\u0131rma g\u00f6revlisi olarak \u00e7al\u0131\u015f\u0131p, 2022 y\u0131l\u0131ndan itibaren \u0130zmir Y\u00fcksek Teknoloji Enstit\u00fcs\u00fc Bilgisayar M\u00fchendisli\u011fi B\u00f6l\u00fcm\u00fc\u2019nde \u00f6\u011fretim \u00fcyesi olarak g\u00f6rev almaktad\u0131r. 2023 y\u0131l\u0131ndan itibaren Teknopark \u0130zmir\u2019de kurucu orta\u011f\u0131 oldu\u011fu yaz\u0131l\u0131m, yapay zek\u00e2, dan\u0131\u015fmanl\u0131k ve robotik alanlar\u0131nda faaliyet g\u00f6steren \u015firketler bulunmaktad\u0131r. 2021 y\u0131l\u0131ndan itibaren Alt\u0131nordu Spor Kul\u00fcb\u00fc y\u00f6netim kurulu \u00fcyesi olarak g\u00f6rev almaktad\u0131r.<\/p>\n","protected":false},"excerpt":{"rendered":"<p>1991 \u0130zmir do\u011fumlu. Lisans, y\u00fcksek lisans ve doktora derecelerini \u0130zmir Y\u00fcksek Teknoloji Enstit\u00fcs\u00fc Bilgisayar M\u00fchendisli\u011fi B\u00f6l\u00fcm\u00fc\u2019nden s\u0131ras\u0131yla 2014, 2016 ve 2022 y\u0131llar\u0131nda ald\u0131. Y\u00fcksek lisans ve doktora \u00e7al\u0131\u015fmalar\u0131n\u0131 yapay zek\u00e2 alan\u0131nda tamamlay\u0131p ulusal ve uluslararas\u0131 makaleler yay\u0131nlad\u0131. Y\u00fcksek lisans ve doktora e\u011fitimleri s\u0131ras\u0131nda ara\u015ft\u0131rma g\u00f6revlisi olarak \u00e7al\u0131\u015f\u0131p, 2022 y\u0131l\u0131ndan itibaren \u0130zmir Y\u00fcksek Teknoloji Enstit\u00fcs\u00fc Bilgisayar [&hellip;]<\/p>\n","protected":false},"author":1,"featured_media":0,"parent":0,"menu_order":0,"comment_status":"closed","ping_status":"closed","template":"","meta":{"_uag_custom_page_level_css":"","footnotes":""},"class_list":["post-811","page","type-page","status-publish","hentry"],"uagb_featured_image_src":{"full":false,"thumbnail":false,"medium":false,"medium_large":false,"large":false,"1536x1536":false,"2048x2048":false},"uagb_author_info":{"display_name":"izvak","author_link":"https:\/\/izvak.org\/index.php\/author\/izvakorg\/"},"uagb_comment_info":0,"uagb_excerpt":"1991 \u0130zmir do\u011fumlu. Lisans, y\u00fcksek lisans ve doktora derecelerini \u0130zmir Y\u00fcksek Teknoloji Enstit\u00fcs\u00fc Bilgisayar M\u00fchendisli\u011fi B\u00f6l\u00fcm\u00fc\u2019nden s\u0131ras\u0131yla 2014, 2016 ve 2022 y\u0131llar\u0131nda ald\u0131. Y\u00fcksek lisans ve doktora \u00e7al\u0131\u015fmalar\u0131n\u0131 yapay zek\u00e2 alan\u0131nda tamamlay\u0131p ulusal ve uluslararas\u0131 makaleler yay\u0131nlad\u0131. Y\u00fcksek lisans ve doktora e\u011fitimleri s\u0131ras\u0131nda ara\u015ft\u0131rma g\u00f6revlisi olarak \u00e7al\u0131\u015f\u0131p, 2022 y\u0131l\u0131ndan itibaren \u0130zmir Y\u00fcksek Teknoloji Enstit\u00fcs\u00fc Bilgisayar&hellip;","_links":{"self":[{"href":"https:\/\/izvak.org\/index.php\/wp-json\/wp\/v2\/pages\/811","targetHints":{"allow":["GET"]}}],"collection":[{"href":"https:\/\/izvak.org\/index.php\/wp-json\/wp\/v2\/pages"}],"about":[{"href":"https:\/\/izvak.org\/index.php\/wp-json\/wp\/v2\/types\/page"}],"author":[{"embeddable":true,"href":"https:\/\/izvak.org\/index.php\/wp-json\/wp\/v2\/users\/1"}],"replies":[{"embeddable":true,"href":"https:\/\/izvak.org\/index.php\/wp-json\/wp\/v2\/comments?post=811"}],"version-history":[{"count":2,"href":"https:\/\/izvak.org\/index.php\/wp-json\/wp\/v2\/pages\/811\/revisions"}],"predecessor-version":[{"id":826,"href":"https:\/\/izvak.org\/index.php\/wp-json\/wp\/v2\/pages\/811\/revisions\/826"}],"wp:attachment":[{"href":"https:\/\/izvak.org\/index.php\/wp-json\/wp\/v2\/media?parent=811"}],"curies":[{"name":"wp","href":"https:\/\/api.w.org\/{rel}","templated":true}]}}